be v(10). Let p = 51 - a. List the prime factors of p.
29
Let y(r) = 5*r. Suppose -6*k = 5*h - 2*k - 11, -4*k = -4*h + 16. List the prime factors of y(h).
3, 5
What are the prime factors of -12*(-2)/((-8)/(-3))?
3
Let c(d) = d**2 - d. Let n be c(0). Let r(j) = 2*j - 13. Let u be r(9). Let f = u - n. What are the prime factors of f?
5
Suppose 6 = -3*o - 3*s, 0*o + 4*s + 8 = 4*o. Suppose -r + 30 = 4*w, r + o*r + 2*w = 30. What are the prime factors of r?
2, 3, 5
List the prime factors of (-2)/(-3)*(-5)/(10/(-789)).
263
Suppose -6*v = 31 - 229. List the prime factors of v.
3, 11
Let d = 665 - 410. What are the prime factors of d?
3, 5, 17
Suppose 5*k = -2*f - 1 - 0, -f + k + 3 = 0. List the prime factors of f.
2
Suppose 0 = -0*r - r + 2*y + 271, -255 = -r - 2*y. List the prime factors of r.
263
Suppose -2 - 2 = -4*u + 4*w, -u + 4 = -4*w. Let l be u*(-1 - 0/(-3)). Let c = l + 3. What are the prime factors of c?
3
List the prime factors of ((-50)/(-4))/1*2.
5
Let i be 6/(-6)*(-14)/2. Suppose -z + i = -3*j, -2*z - 2*j = -z - 12. Let a = z + 3. List the prime factors of a.
13
Let c be (-1)/(3/(-2) - -1). Suppose 5*k = -0*k. Suppose 8*w - 5*w - c*g - 16 = k, w = 2*g. What are the prime factors of w?
2
Suppose -2*j = 2*h - 180, -2*h + 458 = 5*j + h. What are the prime factors of j?
2, 47
Let i(x) = 2*x + 1. Let c be i(9). Suppose 0 = 4*w - 5*w + c. List the prime factors of w.
19
Suppose t - 2*t - 38 = -3*i, 0 = -3*i + 2*t + 37. Let z = -8 + i. List the prime factors of z.
5
Suppose -4*p = 5*a - 105, 2*p + 2*p - 30 = -2*a. Suppose 0 = -b - 3*w - 0 - 11, -a = -5*b + 5*w. What are the prime factors of b*2 + 5 + -5?
2
Let n = 9 - 6. Let a be 0/(n*(-6)/9). Let k(y) = y**3 + y**2 - y + 4. What are the prime factors of k(a)?
2
Suppose 2*r + 3*c = 19, c = 6*c + 5. What are the prime factors of r?
11
Let k(o) = -o**2 - 11*o - 6. What are the prime factors of k(-8)?
2, 3
Let z = 60 + 56. What are the prime factors of z?
2, 29
Let q = -2 + 3. Let y(x) = x**2 - 5*x - 12. Let m be y(7). Let g = q + m. What are the prime factors of g?
3
Suppose -u = 5*r - 2*u + 15, u = 3*r + 11. Let t = -10 - r. Let g = -4 - t. List the prime factors of g.
2
Suppose 0 = -d - d + 18. List the prime factors of 241/9 - (-2)/d.
3
Suppose 0*o - n = o - 1, 2*o - 2*n - 14 = 0. Let m be 2*o*1 + 1. Suppose w - m = 3. What are the prime factors of w?
2, 3
Let m(s) = 3*s - 1. Let g be m(1). Let r(q) = -11*q + 2*q**2 + 1 - 4*q**g + 0*q**2 + 3*q**2. List the prime factors of r(12).
13
Suppose -2*j + 38 = 6. List the prime factors of j.
2
Let r = -12 + 33. What are the prime factors of r?
3, 7
Suppose 55 = 4*n - 29. Suppose 2*w - n - 3 = 0. What are the prime factors of w?
2, 3
Suppose 0 = -5*d - 15 - 0. List the prime factors of d/((-1)/((-56)/(-6))).
2, 7
Suppose -4*b - 928 = -5*u, u - 192 = b + 3*b. What are the prime factors of u?
2, 23
Suppose i = 381 - 160. What are the prime factors of i?
13, 17
Suppose -5*h + 9 = -1, -5*q + 2*h = -146. Suppose -w = -1 - 2. Suppose 0 = -3*v - w*a + q, 4*a = 2*v + 3*v - 5. What are the prime factors of v?
5
Let x be (1/(-4))/((-5)/20). Let f be -21*2*x/2. Let g = f - -31. What are the prime factors of g?
2, 5
Suppose 3*s = 265 + 182. List the prime factors of s.
149
Suppose 4*n = -n + 135. List the prime factors of n.
3
Suppose -3*l + r + 8 - 30 = 0, 24 = -2*l + 3*r. Let m be (-4)/l - 16/(-3). List the prime factors of (-4 + 1)/((-2)/m).
3
Let g(j) = -2*j**3 + 2*j - 1. List the prime factors of g(-3).
47
Suppose 2*o - 24 = 4*z + 4, 33 = 2*o - 5*z. Suppose -4*j + 20 = -o. List the prime factors of j.
2, 3
Suppose 4*v = 3*v. Suppose v = 2*d - 2*c, 7*d - 32 = 3*d - 4*c. Suppose x + d*x = 50. What are the prime factors of x?
2, 5
Suppose 2*l + l - 120 = 0. List the prime factors of l.
2, 5
Suppose -136 = -2*k + 3*b, b = -3*k - 0*b + 182. List the prime factors of k.
2, 31
Suppose -a + 13 = -2*u, 5*a - u + 2 - 67 = 0. Let y = a - 9. List the prime factors of y/(-10) - (-188)/20.
3
Let i(n) be the third derivative of 1/60*n**5 - n**2 + 0 + 0*n + 5/24*n**4 - 1/6*n**3. What are the prime factors of i(-7)?
13
Suppose 5*a - 68 = a. What are the prime factors of a?
17
Let a(r) = r**3 - 8*r**2 + 3*r - 2. List the prime factors of a(8).
2, 11
Suppose 2 = 4*n - 6. Let j = n + -2. Suppose a + a - 16 = j. What are the prime factors of a?
2
Let v(h) = h**3 + 8*h**2 + 8*h + 4. What are the prime factors of v(-6)?
2, 7
Let q(x) = 2*x - 8. Let d be q(5). Suppose -3*h + 125 = d*h. List the prime factors of h.
5
Let r = 54 + -29. Let d = r - 9. List the prime factors of d.
2
Let d(w) = -w**2 + 5*w + 6. Let q be d(6). Let r be (3 - 1) + 11/(66/(-12)). Suppose -5*s + 3*s + 2*c + 32 = r, q = 5*s - 2*c - 68. List the prime factors of s.
2, 3
Let r(p) = -13*p**3 - 2*p**2 - p. Let z be r(-1). Let o be (2 + z/(-7))*7. Suppose -o*b + 2 = -b. List the prime factors of b.
2
What are the prime factors of (6/(-6))/((-1)/73)?
73
Suppose 5*r - 10 = -0*r. Let w be 4 - r - 2/(-1). Suppose w*t - 18 - 2 = 0. What are the prime factors of t?
5
Suppose -3*r = 3*u - 432, -2*r - 4*u + 288 = 8. List the prime factors of r.
2, 37
Suppose -5*z + z = -196. What are the prime factors of z?
7
List the prime factors of 53/11 + -5 + 3159/11.
7, 41
Let m(r) = -r**3 - 9*r**2 + 1. Let j be m(-9). Suppose -j - 11 = -3*s. What are the prime factors of s?
2
Suppose -3*k - 14 = -4*g - 0*g, 0 = 2*g - k - 8. Let y(r) be the third derivative of r**5/30 - r**4/3 + 7*r**3/6 - 15*r**2. List the prime factors of y(g).
17
Let j(i) = 2*i**2 - 9*i + 3. Let o = -2 - -8. What are the prime factors of j(o)?
3, 7
Suppose 0 = 5*h - 10, -2 = 4*i + h - 4. Let l = -2 + 6. List the prime factors of (2 - i)*30/l.
3, 5
Suppose 4*w + 8 = 2*w. Let z be 5 - (-6)/w*2. Suppose 2*c = -z*h + 7*c - 3, 2*h = -c + 27. List the prime factors of h.
11
Let m be 1*4/10*-5. Let k be 1 + m - (1 - 4). Suppose -45 = -k*p + 4*w + w, -p = -5*w - 30. What are the prime factors of p?
3, 5
Let q(u) = u**2 + 3*u + 3. Suppose 5*b + 8 = -7. Let l be q(b). Suppose m - 37 = 4*t - 7*t, l*m = -6. List the prime factors of t.
13
Suppose 8*d = 60 + 452. List the prime factors of d.
2
Let l be (-5)/(15/(-6)) - 2. Suppose l = -3*i + 84 + 15. List the prime factors of i.
3, 11
Let j be (-2)/(-2) - 43/1. Let m = j + 22. Let s = -2 - m. What are the prime factors of s?
2, 3
Let s(t) = -15*t - 7. Let h be s(-5). Let i = -47 + h. What are the prime factors of i?
3, 7
Let w(p) = -p**3 + 4*p**2 + 7*p. Let m be w(5). Suppose s + 8 = -3*s. Let r = s + m. List the prime factors of r.
2
Let x be (-8)/12 - (-2)/3. Suppose 3*g + 5*s - 46 = x, -2*s - 9 = -g - 1. List the prime factors of g.
2, 3
Let s(q) = 4*q**2 + 14. List the prime factors of s(-6).
2, 79
Suppose 12 = 3*b - 0. Suppose -b*p + 44 = -l, 0*p - 4*l = 4*p - 24. Suppose v = -v + p. List the prime factors of v.
5
Let s(p) be the first derivative of -1/2*p**2 - 2 + 1/3*p**3 + 0*p. List the prime factors of s(2).
2
Suppose 9 = 4*d - 3*c + 2*c, -4*c = -3*d - 3. Suppose -3*g = -2*g - i - 1, g - 3 = d*i. Suppose q = 0, 5*h + q + q - 25 = g. List the prime factors of h.
5
Suppose 6*g + 42 = 12*g. List the prime factors of g.
7
Let x(b) = b**2 + 6*b + 3. Let f be x(-6). Let w be (f/(-6))/((-2)/(-116)). What are the prime factors of 2/(-8) + w/(-4)?
7
Suppose -5*g + k + 23 = 0, 28 = 4*g - 3*k - k. Suppose g*x - 2*a - 130 = 0, 3*a + 0 = 9. What are the prime factors of x?
2, 17
Let f be 6/(-6) + 13 + 1. Suppose 0 = -n + i - 2, -4*n + f = 4*i - 11. List the prime factors of n.
2
Let i(a) = -a + 2. Let z = -8 - -8. Let o be i(z). Suppose 0 = 5*m - 4*c - 67, -2*m - 17 = -3*m + o*c. List the prime factors of m.
11
Suppose 3*h - 2 = 4*s + 11, -2*h + s + 2 = 0. Let t(q) be the third derivative of -3*q**6/40 - q**4/12 - q**3/6 - 8*q**2. What are the prime factors of t(h)?
2, 5
Suppose -3*r - a = -18, 0*a = 2*r - 4*a - 12. List the prime factors of r.
2, 3
Suppose -4*s - 8 = -4*o, -2*s - 6 = -3*o + 2*s. Let w = 6 - o. List the prime factors of w.
2
Let m = 27 + -12. Suppose -m = 5*d + 5*l, -2*l + 3 = -d - 15. Let n = -5 - d. List the prime factors of n.
3
Let w be (-4)/(-3 + -1)*0. Suppose 0 = -w*n + n - 46. What are the prime factors of n?
2, 23
Let k(y) = -y**3 - 6*y**2 - 3*y + 3. Let h be k(-4). Suppose -3*w - 49 = 2*t + 2*w, -4*